the tens digit of 40751460?
6
What is the ten thousands digit of 1424872445?
7
What is the ten millions digit of 120436506?
2
What is the billions digit of 1485329476?
1
What is the hundred thousands digit of 91748805?
7
What is the tens digit of 148621171?
7
What is the millions digit of 927956620?
7
What is the thousands digit of 50750196?
0
What is the hundreds digit of 457179189?
1
What is the hundreds digit of 595629504?
5
What is the hundreds digit of 103912973?
9
What is the thousands digit of 97539096?
9
What is the millions digit of 1336357895?
6
What is the hundred thousands digit of 6417397184?
3
What is the units digit of 459198757?
7
What is the units digit of 60703624?
4
What is the units digit of 2986204446?
6
What is the units digit of 254028003?
3
What is the hundred millions digit of 1290989818?
2
What is the hundreds digit of 34542657?
6
What is the hundreds digit of 68112433?
4
What is the millions digit of 171462650?
1
What is the thousands digit of 583970468?
0
What is the ten thousands digit of 33405140?
0
What is the billions digit of 4452064807?
4
What is the tens digit of 12783323?
2
What is the thousands digit of 4363314225?
4
What is the units digit of 2226453974?
4
What is the units digit of 361810646?
6
What is the hundred millions digit of 697163574?
6
What is the hundred thousands digit of 109689826?
6
What is the hundreds digit of 102761496?
4
What is the units digit of 132688565?
5
What is the thousands digit of 228369137?
9
What is the tens digit of 300353098?
9
What is the tens digit of 376661928?
2
What is the hundred thousands digit of 456611316?
6
What is the ten millions digit of 1346473973?
4
What is the millions digit of 538343240?
8
What is the tens digit of 44782168?
6
What is the hundred thousands digit of 133607535?
6
What is the thousands digit of 1923405991?
5
What is the hundred thousands digit of 187123092?
1
What is the billions digit of 1242111483?
1
What is the units digit of 6399384?
4
What is the tens digit of 109042659?
5
What is the millions digit of 86553326?
6
What is the tens digit of 304313286?
8
What is the billions digit of 1380502871?
1
What is the hundred thousands digit of 6708699637?
6
What is the millions digit of 158248361?
8
What is the millions digit of 1221996238?
1
What is the hundred thousands digit of 1608742108?
7
What is the ten millions digit of 60638808?
6
What is the ten millions digit of 2035885550?
3
What is the units digit of 50940585?
5
What is the ten thousands digit of 2595189893?
8
What is the units digit of 102930057?
7
What is the billions digit of 2089359546?
2
What is the ten millions digit of 240154220?
4
What is the units digit of 958791278?
8
What is the tens digit of 272715698?
9
What is the thousands digit of 5963068759?
8
What is the billions digit of 3276446921?
3
What is the ten thousands digit of 6097742?
9
What is the millions digit of 214095427?
4
What is the thousands digit of 438337636?
7
What is the ten millions digit of 512713608?
1
What is the ten millions digit of 271423939?
7
What is the hundred millions digit of 177239858?
1
What is the ten millions digit of 2415956407?
1
What is the tens digit of 48599331?
3
What is the millions digit of 850271031?
0
What is the hundred millions digit of 184101503?
1
What is the tens digit of 110684284?
8
What is the ten thousands digit of 41877468?
7
What is the thousands digit of 3427162130?
2
What is the tens digit of 23045585?
8
What is the hundreds digit of 253665361?
3
What is the tens digit of 588766670?
7
What is the ten millions digit of 3005199609?
0
What is the millions digit of 60151683?
0
What is the hundreds digit of 62619873?
8
What is the ten millions digit of 51284850?
5
What is the units digit of 13000739?
9
What is the hundred thousands digit of 228388612?
3
What is the units digit of 102697177?
7
What is the millions digit of 107171676?
7
What is the hundred millions digit of 1544071876?
5
What is the hundred thousands digit of 3983542?
9
What is the hundreds digit of 126366291?
2
What is the thousands digit of 2005937?
5
What is the ten millions digit of 188233842?
8
What is the hundreds digit of 56509501?
5
What is the ten thousands digit of 2203121211?
2
What is the ten millions digit of 130884897?
3
What is the ten thousands digit of 2368435?
6
What is the billions digit of 1604956888?
1
What is the thousands digit of 116739004?
9
What is the tens digit of 4109402533?
3
What is the units digit of 36299745?
5
What is the hundred millions digit of 1560279925?
5
What is the units digit of 7923923965?
5
What is the hundreds digit of 473194354?
3
What is the hundred thousands digit of 4482144271?
1
What is the thousands digit of 382776?
2
What is the thousands digit of 53065400?
5
What is the tens digit of 670555217?
1
What is the units digit of 791617267?
7
What is the ten millions digit of 85115329?
8
What is the millions digit of 3052831406?
2
What is the hundred millions digit of 136664920?
1
What is the hundred thousands digit of 233237138?
2
What is the tens digit of 276885174?
7
What is the ten thousands digit of 10474056?
7
What is the hundred thousands digit of 34266545?
2
What is the billions digit of 1165380030?
1
What is the millions digit of 172616247?
2
What is the millions digit of 558738800?
8
What is the hundreds digit of 463233225?
2
What is the millions digit of 72665175?
2
What is the hundreds digit of 266723543?
5
What is the ten millions digit of 141347100?
4
What is the millions digit of 2469108970?
9
What is the hundreds digit of 98877785?
7
What is the ten millions digit of 869700502?
6
What is the hundreds digit of 947678756?
7
What is the millions digit of 354548117?
4
What is the millions digit of 49638693?
9
What is the units digit of 92638688?
8
What is the thousands digit of 267774705?
4
What is the millions digit of 81459857?
1
What is the hundred millions digit of 6857581651?
8
What is the units digit of 156827193?
3
What is the thousands digit of 13469093?
9
What is the thousands digit of 57465935?
5
What is the tens digit of 2081079690?
9
What is the tens digit of 30364438?
3
What is the ten millions digit of 43339143?
4
What is the tens digit of 804980182?
8
What is the units digit of 43818443?
3
What is the hundred thousands digit of 674573936?
5
What is the ten thousands digit of 25674610?
7
What is the hundred thousands digit of 122009520?
0
What is the hundreds digit of 25795494?
4
What is the hundreds digit of 1847789087?
0
What is the units digit of 344789037?
7
What is the units digit of 1444729131?
1
What is the hundred thousands digit of 4801466372?
4
What is the ten thousands digit of 1356550018?
5
What is the units digit of 6476336663?
3
What is the hundred thousands digit of 752853514?
8
What is the tens digit of 43117796?
9
What is the hundred thousands digit of 340695357?
6
What is the millions digit of 863878746?
3
What is the units digit of 589459033?
3
What is the units digit of 34913817?
7
What is the hundreds digit of 2829654352?
3
What is the hundreds digit of 1175706961?
9
What is the tens digit of 2238403895?
9
What is the ten thousands digit of 37715952?
1
What is the ten thousands digit of 1011970858?
7
What is the ten thousands digit of 33810341?
1
What is the hundreds digit of 77558836?
8
What is the hundred millions digit of 1102610180?
1
What is the tens digit of 4595426933?
3
What is the units digit of 29392427?
7
What is the units digit of 55425169?
9
What is the hundred millions digit of 220378249?
2
What is the ten thousands digit of 112114881?
1
What is the thousands digit of 1803254245?
4
What is the ten thousands digit of 4640652?
4
What is the ten thousands digit of 3323805929?
0
What is the ten thousands digit of 609828039?
2
What is the millions digit of 108612029?
8
What is the ten millions digit of 2461978419?
6
What is the ten millions digit of 7923468065?
2
What is the units digit of 201767478?
8
What is the ten millions digit of 25601163?
2
What is the units digit of 181575748?
8
What is the hundred millions digit of 152865789?
1
What is the tens digit of 6659631224?
2
What is the ten millions digit of 82231549?
8
What is the hundreds digit of 58765113?
1
What is the millions digit of 51880028?
1
Wha